. Is i composite?
False
Is -1 - -2 - (-1849 + 7) composite?
True
Let x(r) = r**3 - 22*r**2 - 8*r - 12. Let o be x(22). Let z = 23 - o. Is z a prime number?
True
Suppose 130*y - 120*y - 320030 = 0. Is y a composite number?
False
Let c = -1291 + 2688. Suppose 7*d - c = 696. Is d composite?
True
Suppose 2*g - g - 1413 = 0. Suppose 3*l - l + 5*y = 1312, 16 = 4*y. Let c = g - l. Is c a composite number?
True
Let x be (3 + 0)*(8 - 7). Suppose -3*v = -x*b + b - 12, -b + v = 5. Is (74/3)/((-2)/b) composite?
False
Let s be (12/4 - 2) + 2593. Is (-4)/10 + s/10 a prime number?
False
Suppose -22*t - 5*h = -18*t - 150851, -2*t + 3*h + 75409 = 0. Is t a prime number?
False
Suppose p - 5 = 0, 0 = -31*q + 32*q - 2*p - 63057. Is q a composite number?
False
Let s = 2 + 1. Suppose s*z - 10 = -5*j, 0 = -2*j + 7*z - 3*z + 4. Suppose j*b + 3*b = 2795. Is b a composite number?
True
Let k(g) = 33*g**2 - 4*g. Let o be k(-2). Suppose -5*c = -4*u + o, 0*c = 4*c. Is u a prime number?
False
Let l(x) = -3*x - 3. Suppose -10*r + 9*r - 12 = 0. Is l(r) composite?
True
Suppose -12*h + 7*h + 15 = 0. Suppose -h*j + 1180 + 2651 = 0. Is j prime?
True
Is 27933/15 - (-96)/(-80) composite?
False
Let o be 7/((-3 - -2) + 0). Let n(v) = -v**3 - 4*v**2 - 11*v - 5. Let y be n(o). Suppose -2*a + 35 = -y. Is a composite?
False
Let c(o) = 1498*o - 27. Suppose -5*z + 4*i - 1 + 21 = 0, -5*z + i = -20. Is c(z) a prime number?
False
Let i be (-81)/(-1 - (1 - 1)). Suppose 4*g = -5*h + 309, i = h - 6*g + 2*g. Is h prime?
False
Let b(a) = 1652*a**2 - 3*a - 3. Is b(2) composite?
False
Let z(s) = -s**2 + 9*s - 2. Let b be z(8). Suppose 3*g - g = -b. Let l(i) = 3*i**2 - 2*i. Is l(g) composite?
True
Let t(f) = f**2 - f - 267. Suppose 0 = -4*g - 9 - 7, -20 = -2*d + 5*g. Let v be t(d). Is ((-13)/39)/(1/v) composite?
False
Let h be (-928)/10*(-6 - -1). Suppose 5*f = h + 171. Is f composite?
False
Suppose -4*j - m = 39, -j + 5*m = -3*j + 3. Let d be (-2*73)/(j/44). Is (d/12)/(6/63) a prime number?
False
Suppose -6*z = -9*z + 1869. Suppose -92 - z = -5*i. Is i composite?
True
Suppose 0 = 8*b + 31 - 31. Suppose -3*j - 8*j + 71401 = b. Is j a prime number?
True
Suppose 0 = -5*p + 3*l + 21, -3*p - l - l + 5 = 0. Is (-10)/p*51/(-2) a composite number?
True
Let v(y) = 2*y**3 + 2*y**2 - 2*y. Let i be v(-2). Let u be (-1784)/i + 0/(-1). Suppose 4*f = 2*f + u. Is f composite?
False
Let t(r) be the second derivative of 7*r**4/12 - 5*r**3/6 + 11*r**2/2 + 10*r. Is t(-6) a composite number?
False
Suppose -37*t + 31*t = -26526. Is t a composite number?
False
Suppose 2346 = 52*j - 49*j. Let f = 97 + j. Is f prime?
False
Suppose -4*n + 4252 = 2*z, -12072 = -5*z - 3*n - 1449. Let l be 6/14 - z/(-42). Suppose t - 242 = -l. Is t composite?
False
Let t be (-5*4/(-10))/1. Is (-2361)/((-3)/14*t) a composite number?
True
Let o(w) = 1432*w**2 - 4*w + 5. Is o(4) a composite number?
False
Suppose g - 83051 = 2*v, -226904 = -3*g - 5*v + 22282. Is g a composite number?
True
Suppose -c - 1 = c + t, 5*c - 2*t = 2. Suppose 0 = f + 1 - 2, -3*a + f + 752 = c. Is a composite?
False
Is 24229/(-14*(-2)/28) prime?
True
Let y be (-1)/(-4) - 1/(12/(-14769)). Suppose 3525 + y = 4*r. Is r prime?
False
Suppose 20 = -9*v + 13*v. Suppose -v*p - 6*p = -407. Is p a prime number?
True
Suppose -22*k = -559353 - 92309. Is k a prime number?
False
Let g = -6648 - -10241. Is g composite?
False
Is (2/(12/381))/((-1)/(-94)) a composite number?
True
Suppose 24 = 4*q - 0*q. Let m be (-27)/6*8/q. Is (-477)/(-2)*(-4)/m a composite number?
True
Let m(l) = 2*l**3 + 7*l**2 + 3*l - 13. Let i = -43 - -37. Let k be m(i). Let s = 342 + k. Is s a prime number?
True
Let n(a) = -a**3 - 6*a**2 - 2*a - 9. Let s be n(-6). Let k(b) = -7*b + 19. Let z be k(2). Suppose -2*i - i + 183 = -3*y, s*i + z*y = 167. Is i prime?
True
Let k be ((-612)/42)/((-2)/182). Suppose -q = k - 3643. Is q prime?
False
Let c = -6686 - -10635. Is c prime?
False
Let c be 2/4 - (-4)/(-8). Let b(d) = d**3 + d**2 - d + 1. Let x(q) = 5*q**3 + 5*q**2 - 6*q + 152. Let l(z) = -6*b(z) + x(z). Is l(c) prime?
False
Suppose -5520 = -2*z - 8*z. Suppose i - 907 - z = 0. Is i a prime number?
True
Suppose 0*w - 2*w + 2*y = 136, 0 = 5*y. Let q = 361 + w. Is q prime?
True
Let f = -16866 - -27191. Is 7/(343/f) + (-4)/(-14) composite?
False
Is 4892 - (30/(-6) - -5) - 1 a prime number?
False
Let m = 3725 - 1984. Is m composite?
False
Let l(v) = -v**3 - 11*v**2 + v + 12. Let j be l(-10). Let y = 389 - j. Is y composite?
False
Suppose -15*o + 12758 + 823687 = 0. Is o prime?
True
Let u(l) = 133*l + 9. Let b be u(6). Suppose -z - 2547 = 5*r - b, -4*r = 4*z + 6912. Is 12/21 + z/(-7) a prime number?
False
Is (-9)/(-2)*2 + -5 - -2045 a prime number?
False
Suppose -6*i = 35861 - 246143. Is i prime?
False
Let m(b) = -b + 1. Let k(w) = -9*w + 8*w - 23*w - 7. Let o(i) = -k(i) - 2*m(i). Is o(3) prime?
True
Let y = -21 - -2753. Suppose 4*f + y = -4*n + 18684, f + 4*n - 3997 = 0. Is f a prime number?
False
Suppose 5*x + 0*u - 5*u + 10 = 0, 5*x + 8 = 3*u. Let d be x/(-1) - (-1 + 0). Suppose -y + 16 = -m + d*m, 5*y + 46 = m. Is m composite?
True
Suppose -4*m - 16 = 32. Let o be m*(-4 + 77/(-4)). Is 1/(o/69 + -4) composite?
False
Let h = -4343 + 7594. Is h a prime number?
True
Let w(u) = 21*u**3 + 5*u**2 - 25*u + 26. Is w(8) a prime number?
False
Let q be ((-30)/20)/((-2)/4). Suppose -6*h = -3*y - 2*h + 197, q*y + 3*h - 162 = 0. Is y composite?
False
Let t be -1 + (-4)/(-2) - -49. Let k be (1008/(-60))/((-4)/t). Suppose o + 289 = c, -2*c + 5*o + k = -362. Is c prime?
False
Let k = -1 + 3. Suppose 2*y = 5*s + 239, -y - 3*s - 118 = -k*y. Is y a prime number?
True
Suppose 3*l = 4*l - 663. Suppose 3*n = 114 + l. Is n composite?
True
Suppose 0 = 3*b + 2*r - 31, -4*b + 0*b - 5*r = -32. Let z be 0/b*(-1)/(-2). Is z/(-1) - -24 - 3 a prime number?
False
Suppose 0*x + 1590 = 5*x. Let y = 247 + -20. Let o = x - y. Is o a composite number?
True
Suppose -3*y - 1262 = 142. Let z = -217 - y. Is z composite?
False
Suppose -6*k = -24*k + 92790. Is k composite?
True
Let w(p) = 2930*p**3 + 8*p**2 - 15*p + 17. Is w(2) a prime number?
True
Let q = 301 - -234. Is q prime?
False
Suppose 7*y + 127078 = 43106. Is y*(38/209 + (-19)/44) prime?
True
Let k(g) = -5*g**3 + 8*g**2 + 3*g - 13. Let n = -14 - -8. Is k(n) a composite number?
True
Suppose 3*i = i + 132. Suppose f = 3*f - i. Is f composite?
True
Suppose 3*t + 0*l = -5*l + 6999, 4*t - 9332 = 3*l. Is t prime?
True
Let l(h) = -89*h - 3. Suppose -o = -2*o + 11. Let f be (-2)/o - (-252)/(-66). Is l(f) a composite number?
False
Let g(o) = -2*o**2 - o + 5. Let u be g(5). Let d be 2*(-4)/48 + 1154/12. Let b = u + d. Is b a composite number?
True
Suppose -2*s = -4*k + 124162, -129*k + 130*k - 5*s - 31054 = 0. Is k a composite number?
False
Suppose 20*h = 18*h + 7906. Is h composite?
True
Let f(q) = 24*q - 73. Is f(35) a composite number?
True
Suppose 8260 = a + 3*a. Let v = 897 - a. Is (-1)/(-1) - v/4 a prime number?
True
Suppose -d + 3*d + 14 = -5*t, -d + 3 = 0. Let l be -2*2/t + 556. Suppose 1508 + l = 7*v. Is v a prime number?
False
Let g = -1976 + 392. Let j = 4523 + g. Is j prime?
True
Let q(d) = 54 - 54 - 2*d. Let y be q(6). Let g = 41 - y. Is g a composite number?
False
Suppose 0 = 2*u - 0*z + 4*z - 42, 5*u - 87 = -z. Let m be ((-6)/(-4))/(5/(-60)). Let i = u - m. Is i a prime number?
False
Let h(u) = 16172*u**2 + 2*u + 1. Is h(-1) composite?
True
Let o(a) = 12*a**2 + 57*a - 44. Is o(45) a composite number?
False
Suppose -5*n + 2*h + 26667 = 0, -2*n - n = -2*h - 16001. Is n composite?
False
Suppose 11 = 4*r - 1. Suppose 2*p + 2*s - 4874 = 0, 3*p - 7315 = -r*s - 2*s. Is p a prime number?
False
Suppose -5*n = s - 3984, 4*s + n = -1822 + 17777. Is s prime?
True
Let r be (-4)/18 - (-38)/9. Suppose 24 = 4*c + r. Suppose -3*f + 180 = c*i, -4 = -2*i + 2. Is f composite?
True
Is 5 + (12 - 9) + 101659 prime?
False
Let b = 9 + -3. Suppose 2*v - s - b = 0, 0*s = 4*s. Is 46 - (24/4 - v) prime?
True
Let x(g) be the first derivative of 2*g**3/3 + 7*g**2/2 + 4*g - 1. Is x(-7) composite?
False
Let k = 2008 - 35. Is k prime?
True
Let f(b) = b + 1. Let x be f(2). Suppose -12 = -a + x. Suppose -s + a = -316. Is s a composite number?
False
Let k(x) be the first derivative of -149*x**2 + 2. Let b be k(-3). Suppose -b = -d - 5*